3*j**2 - j - 4. Let d(q) = -2*b(q) - 3*p(q). Calculate the remainder when k is divided by d(3).
2
Let h = -6 - -9. Calculate the remainder when 3 is divided by h.
0
Let t = 7 - 10. Let g(w) = -3*w + 4. What is the remainder when 38 is divided by g(t)?
12
Let q(d) = d**3 + 11*d**2 - 5*d + 5. Let t be q(-11). Suppose a - 18 = -2*v, -2*v = -4*a + 2*v + t. What is the remainder when 46 is divided by a?
14
Calculate the remainder when 2/12*-2*(-4587)/11 is divided by 35.
34
Let f(s) be the first derivative of s**3/3 + 7*s**2/2 + 5*s - 1. Let y be f(-5). Calculate the remainder when (-2)/(-5) + (-248)/y is divided by 17.
16
Suppose 0 = -4*s - 12, 0 = -3*q + 2*s + 43 + 53. What is the remainder when q is divided by 8?
6
Suppose -16 = -4*p - 4*f, -3*f + 5*f = 2*p - 12. Suppose -3*i + s = -23, 0*s - 35 = -5*i + p*s. What is the remainder when 29 is divided by i?
5
Suppose -6*v - 100 = -10*v. Calculate the remainder when v is divided by 13.
12
Suppose -4*a - 31 = -v, v - 2*v = -5*a - 29. Let u = v + 1. Suppose 2*h = -0 + u. What is the remainder when h is divided by 11?
9
What is the remainder when 27 is divided by ((-20)/(-8) + 0)/(3/12)?
7
Suppose -5*t = -0*t - 5. Let r(i) = i**3 + 6*i**2 + 2. Suppose -4*m - 20 = 4*p, -4*m = -0*p + 3*p + 21. What is the remainder when r(m) is divided by t?
0
Let i = 84 + -52. Calculate the remainder when i is divided by 17.
15
Calculate the remainder when (-1)/(-4 - 1) + 795/25 is divided by 11.
10
Let n(h) = -h**3 + 4*h**2 + h + 4. What is the remainder when n(-3) is divided by 1 + 17 - (1 + 0)?
13
Suppose 2*u - 7*u + 45 = 0. Let s = u + -6. Suppose -s*q + 5 = -91. What is the remainder when q is divided by 11?
10
Suppose 3*j + 5*i = 33 - 3, -2*i + 16 = 2*j. Calculate the remainder when 33 is divided by j.
3
Let t be 8/(-6) - (-5)/15. Calculate the remainder when 4 - 5 - (t + -1) is divided by 1.
0
Suppose 14 = 3*t - 19. Calculate the remainder when 41 is divided by t.
8
Let n be 14/(-7) + 3 + -1. Suppose 0 = -5*l + 30 - n. Suppose 0 = -m - 3*m + 40. Calculate the remainder when m is divided by l.
4
Let p(k) = 1 + 0*k - k**3 + 7 - 8*k**2 - 7*k. Suppose o - 13 = 10. What is the remainder when o is divided by p(-7)?
7
Suppose -3*u + 0*u = -9. Calculate the remainder when 41 is divided by u/(6/4) + 12.
13
Suppose 5*g + 0*g + 115 = a, -a = 2*g - 150. Calculate the remainder when a is divided by 47.
46
Calculate the remainder when (-1)/(-3) - (-136)/6 is divided by 9/(-4)*(-176)/33.
11
Suppose 0 = -2*k, -3*o + 4*k = 2*k. Suppose o = -3*q + 4*q - 16. Calculate the remainder when 47 is divided by q.
15
Let b(y) = -2*y - 11. Calculate the remainder when 153 is divided by b(-21).
29
Suppose -11 - 11 = -u. Let r(k) = k**2 - 2*k. Let n be r(2). Suppose n*o - o + 64 = 0. Calculate the remainder when o is divided by u.
20
Suppose -w + 6*w = -2*s - 8, s + w = -1. Let t(c) = 14*c**3 + c**2 - 2*c + 1. Calculate the remainder when t(s) is divided by (-1)/(1/(-3)) + 2.
4
Let p = 45 - 31. Suppose -17 = -2*s - a, -2*s - 5*a = -22 - 15. Let j(y) = y**2 - 2*y + 3. What is the remainder when j(s) is divided by p?
13
Let f(h) = 33*h**2 + h - 1. Calculate the remainder when f(1) is divided by 9.
6
Let g = 8 - 13. Let y(d) = -8*d + 4. Suppose -2*a = 2*r - 14 - 22, 57 = 3*a + 4*r. Calculate the remainder when y(g) is divided by a.
14
Let i = 20 + -16. Suppose -f + 36 = i. What is the remainder when 93 is divided by f?
29
Suppose 3*y = 5*h + 152 + 413, y - 2*h - 188 = 0. What is the remainder when y is divided by 32?
30
Suppose -r + 3*r = 5*f + 21, 0 = r + 5*f - 48. Calculate the remainder when 91 is divided by r.
22
Let x = 5 - 1. Suppose 0*y + 9 = 3*y. Calculate the remainder when x is divided by y.
1
Let o(b) = 2*b + 32. Calculate the remainder when 14 is divided by o(-14).
2
Let w = -27 - 28. Let a = -39 - w. What is the remainder when ((-1222)/39)/(2/(-3)) is divided by a?
15
Suppose -2*y = -d - 10, 2*y - 4 = -2*d + 6. What is the remainder when 0 - (36/(-3) + -1) is divided by y?
3
Let x be 2/3*27/(-2). Let s = -1 - x. Calculate the remainder when 21 is divided by s.
5
Suppose 5*s + 99 = 3*v, 3*s + 34 = v + 1. Suppose -3*p + 11 = q - p, -2*p = 3*q - v. Suppose -24 = -4*h - 0*h. What is the remainder when q is divided by h?
5
Suppose -9*z - 4*n = -4*z - 58, 2*z + 2*n - 24 = 0. Suppose -5*b + z = -5. What is the remainder when (-1)/3 - 25/(-3) is divided by b?
2
Suppose -170 = -3*b - 44. What is the remainder when 166 is divided by b?
40
Suppose -l = 2*r - 11, -5*l + 2*r + 21 + 10 = 0. Let m(z) = -6*z**2 + 3*z**2 - 10*z + 2*z**2 - l. Calculate the remainder when m(-5) is divided by 10.
8
Suppose -2*l - 2 = -x, -3*x - 2 = 2*l - 0*l. What is the remainder when (l/(-1) - 1) + 2 is divided by ((-16)/(-6) - 2)*3?
0
Let b = 631 + -439. Calculate the remainder when b is divided by 13.
10
Let i = 30 + 26. Let s be (-85)/6 - 3/(-18). Let b = s + 33. Calculate the remainder when i is divided by b.
18
Let v = -92 - -97. Calculate the remainder when 94/10 + 10/(-25) is divided by v.
4
Let r(l) be the second derivative of -l**3/6 + 6*l**2 - l. Suppose -4*v + v = 0. Calculate the remainder when 34 is divided by r(v).
10
Suppose -4*t - 4 = 0, t - 203 = -5*k + 116. What is the remainder when k is divided by 22?
20
Suppose 49 = 3*w - 11. Calculate the remainder when w is divided by 11.
9
Let f(z) = 2*z + 1. Suppose 4 = 7*l - 3*l. Let h be (l - (-1 - 2))*2. Calculate the remainder when 31 is divided by f(h).
14
Suppose 2*f + 2*f - 2*q = 34, 4*f - 22 = -2*q. Suppose f = 2*p + 3. Suppose 4 = -p*x + 18. What is the remainder when 12 is divided by x?
5
Let i(o) = o**3 - 2*o**2 + 2*o - 7. What is the remainder when 31 is divided by i(3)?
7
What is the remainder when 4 - 1*-22*1 is divided by 7?
5
Suppose 4*s = i + 6 + 8, -5*s = -i - 13. Let a be 1*(0 + 3 + i). Calculate the remainder when 37 is divided by (5/a)/((-1)/39).
11
Suppose -a + 6*a - 121 = -4*z, -3*a = -3*z + 84. What is the remainder when z is divided by 14?
1
Suppose k + 7 = 2*d - 3, -d + 11 = -2*k. What is the remainder when 44 is divided by d?
2
Let z = 2 + 4. Let c(d) = -24*d**2 - 7. Let n(u) = 23*u**2 + 6. Let r(b) = z*n(b) + 5*c(b). Calculate the remainder when 55 is divided by r(1).
17
Let h = -1 - -3. Suppose 4*u - 2*t = -4*t + 14, h*u - 2*t - 4 = 0. Suppose u*c = 2*c + 5, -c = -2*f + 11. What is the remainder when 22 is divided by f?
6
Suppose -2*t - 3*o - 1 = -92, -t - 3*o = -53. What is the remainder when 189 is divided by t?
37
Suppose 0*w - 28 = -5*w - 2*c, 3*w + 2*c - 20 = 0. Let a = w - -9. What is the remainder when 25 is divided by a?
12
Suppose 3*t + 354 = 6*t. Calculate the remainder when t is divided by -8*5*12/(-16).
28
Let x(l) = -l + 28. Suppose -5*z = -2*g - 0 - 1, 0 = -2*z - 2*g + 6. Calculate the remainder when x(0) is divided by z/(22/20 - 1).
8
Let h = 153 + -115. Calculate the remainder when 301 is divided by h.
35
Let s(f) = 14*f**3 - f**2 + 1. What is the remainder when 72/3 + 4/(3 - -1) is divided by s(1)?
11
Suppose 3*w = 4*v + w - 102, -21 = -v + 2*w. What is the remainder when v is divided by 14?
13
Suppose 6*l + 253 = 775. Calculate the remainder when l is divided by 15.
12
Suppose v + 7 = 3, f = -v + 51. Calculate the remainder when f is divided by 29.
26
Let p = -3 - -7. Suppose 0 = 5*m - p - 6. Let q = -4 + 5. Calculate the remainder when m is divided by q.
0
Let v = 124 - 101. Let s(p) = p + 13. Calculate the remainder when v is divided by s(0).
10
Suppose -21 = h + 3*v, 4*h + 5*v + 55 = h. Let i = 34 + h. What is the remainder when i is divided by (2 + -3)*(3 + -8)?
4
Let c = 26 - 16. Suppose 4*k - 2*k - c = 0. Suppose -3 = -4*g + k. What is the remainder when g is divided by 1?
0
Let d be (-2)/(-6) - (-10)/6. Suppose -27 = -d*w - w. What is the remainder when 17 is divided by w?
8
Suppose 2*h - 3*h + 17 = 0. Let n = h - 5. What is the remainder when 46 is divided by n?
10
Let p(w) = w**2 + 5*w - 4. Let v be p(-6). Let g be (1 - (4 - v))*16. What is the remainder when (g/10)/(3/(-30)) is divided by 6?
4
Suppose -b = -0*b + 3*l - 22, -60 = -4*b - 5*l. Suppose -13 = -5*g + 4*o + 19, g - 7 = o. What is the remainder when b is divided by g?
2
Suppose 0 = -2*l + 5*q + 49, l + 2*q - 23 = 15. Suppose -2*o = -30 - l. Suppose 117 = 5*i + 37. What is the remainder wh